j = 75 + -71. Suppose 12 = -j*z, 4*l - 3*z = 50 + 7. What is the remainder when 34 is divided by l?
10
Let h(n) = 9*n + 121. Calculate the remainder when 110 is divided by h(-10).
17
Suppose 0 = -13*o + 329 - 56. What is the remainder when 85 is divided by o?
1
Let v(w) = w - 5. Let q(s) = 6 + 2*s**3 - 7*s - 4*s**3 + 3*s**3 - 2*s**2. Let i be q(4). What is the remainder when 12 is divided by v(i)?
2
Suppose -5*l = -4*l - 27. Let s(o) = 13*o + 5. Let q(m) = 12*m + 4. Let t(g) = 4*q(g) - 3*s(g). Calculate the remainder when l is divided by t(1).
7
Suppose -5*c = -4*c - 7. What is the remainder when (-15)/(-45)*-1*57*-1 is divided by c?
5
Let c = 5 - 5. Suppose o + c*o = 11. Let b = 39 + 2. What is the remainder when b is divided by o?
8
Suppose -2*d + 72 = 3*k, 102 = 5*d + 4*k - 85. What is the remainder when (-3)/(4 - 159/d) is divided by 21?
18
Let r(s) = s**3 + 6*s**2 - 10*s - 2. Let j be r(-8). Let c = -152 - -228. Let g = c + j. Calculate the remainder when g is divided by 9.
8
Let w(y) = 9*y**3 - 738*y**2 - 2*y + 168. What is the remainder when w(82) is divided by 1*(2 + -1 + 0)?
0
Let h(r) = -2*r**2 + 28*r + 60. Calculate the remainder when 83 is divided by h(15).
23
Suppose -4*i + i - 5 = 5*y, 0 = -i + 2*y + 13. Suppose -95 = -2*w - 5*s, -i*w + 2*s = -2*s - 155. What is the remainder when w is divided by 7?
0
Let i = -62 + 99. Let f = i + -19. What is the remainder when f is divided by 10?
8
Let m be (-20)/6*12/(-8). Let h(d) = -d + 7. Let a be h(m). Let j(y) = 4*y**2 - 2*y. What is the remainder when j(a) is divided by 5?
2
Let p(h) = -h**3 + 5*h**2 + 4*h - 6. Let l be (-78)/(-12) - (-9)/(-6). What is the remainder when p(l) is divided by 4?
2
Let a = 1641 - 1591. Calculate the remainder when 89 is divided by a.
39
Let q(t) = 3*t + 83. What is the remainder when q(15) is divided by 13?
11
Suppose -13*d - 1512 = -19*d. What is the remainder when d is divided by 17?
14
Let r(w) = -8*w - 1. Let f be r(-1). Suppose -f*i + 20 + 8 = 0. What is the remainder when i is divided by ((-10)/6 - -1)*-3?
0
Let p(j) = -19*j - 57. Let n be p(-6). Suppose n - 11 = 2*z. Calculate the remainder when 90 is divided by z.
21
Let x be (-17)/(442/4) + 1240/(-52). Let a(t) = t**3 - t**2 - 3*t + 4. Let q be a(4). Let k = x + q. What is the remainder when 63 is divided by k?
15
Let d be (-2)/(-8) + (-75)/(-100). Suppose -4*r = v - d - 11, v - 2*r = 18. Calculate the remainder when 29 is divided by v.
13
Suppose 3*o + 8*c - 5*c = 12, 25 = -5*c. Let g(h) = 4*h - 13. Let x be g(o). Suppose 3*a - x = 49. What is the remainder when a is divided by 9?
6
Suppose -5*q + q = -3*i - 12, 0 = 3*q + 5*i - 38. Suppose 19 + 17 = 2*r. Calculate the remainder when 3 is divided by 22/r - q/27.
0
Suppose -5*l + 0 = -60. Calculate the remainder when 190 is divided by l.
10
Let m(v) = -48*v + 5. Let a be m(-8). Suppose a = 5*x + j, 0 = 5*x - 3*j - 591 + 198. What is the remainder when x is divided by 20?
18
Suppose 4*n = 5*b + 982, 735 = 11*n - 8*n - 3*b. What is the remainder when n is divided by 35?
33
Suppose -752 = 2*a - 4*a. Let j = a + -216. Suppose 0*n = 5*n - j. Calculate the remainder when n is divided by 12.
8
Let y be (-42)/(-4)*(-1 - 5/(-15)). Calculate the remainder when 29 is divided by (11/3)/(y/(-21)).
7
Let q = 662 - 240. What is the remainder when q is divided by 47?
46
Suppose 6*w = 4*w + 14. Let q(n) be the third derivative of n**6/120 - 19*n**5/60 + 3*n**3/2 - 7*n**2. Calculate the remainder when q(19) is divided by w.
2
Suppose 2*d = 2*g - 0*d - 18, -4*g = -2*d - 40. What is the remainder when 98 is divided by g?
10
Suppose -46*z = -22 - 254. What is the remainder when 286 is divided by z?
4
Let h be (-8)/(-12)*(-6)/(-2). Let y be ((-12)/(-9))/(h/6). Suppose 54 = 3*z + 3*l, -6*z + z - y*l = -94. Calculate the remainder when z is divided by 6.
4
Let j = -3 + 8. Let p be (7/7)/(2/6). Suppose -p = -i + 4. Calculate the remainder when i is divided by j.
2
Suppose 0 = 19*u + 48 - 2746. Calculate the remainder when u is divided by 19.
9
Let w(g) = -g**3 + 5*g**2 - g + 10. Let y be w(5). Suppose -36 = -3*c - y*d, -d + 3*d = 0. What is the remainder when 35 is divided by c?
11
What is the remainder when 161 is divided by 21/(-4 - -11) + 31?
25
What is the remainder when 93/5 - 30/50 is divided by 10?
8
Suppose 4*m = -4*h + 408, 3*m - 8*h = -5*h + 306. Let y be ((-10)/4)/((-1)/2). Suppose -y*f - f = -m. Calculate the remainder when 31 is divided by f.
14
Let q be ((-3)/2)/(6/(-4)). What is the remainder when -8 - -8 - (-45 - q) is divided by 16?
14
Suppose w = -0*w + 3*x - 8, 0 = -4*w + 4*x. Suppose -2*n - 3*n + 20 = 5*d, 0 = -5*d - w*n + 20. What is the remainder when 17 is divided by d?
1
Let q(c) = 28*c - 150. Calculate the remainder when q(7) is divided by 5.
1
Let z be -1 - (0 - 5 - 1). Let t = -80 + 83. Suppose -z + 38 = t*a. Calculate the remainder when 21 is divided by a.
10
Let b = 50 + -45. What is the remainder when 100 is divided by ((-26)/(-5))/(4/100*b)?
22
Let j(w) = w**3 - 8*w**2 + 12*w + 5. Suppose 4*l + 65 = c + 2*c, -5*l + 5 = 0. Calculate the remainder when c is divided by j(6).
3
What is the remainder when 182 is divided by (32/10)/(672/(-70) + 10)?
6
Suppose -3*j + 5*w - 8*w = -45, 2*j + 7*w = 5. What is the remainder when 2*(1 - (-194)/4) is divided by j?
19
Suppose 3*t - 5 = 10. Suppose 0 = t*i - 2 - 23. Calculate the remainder when 13 is divided by i.
3
Suppose 4*i - 5*o = 318, -58 = 2*i - 2*o - 218. Let w = 0 - -6. What is the remainder when i/w + (-1)/(-3) is divided by 8?
6
What is the remainder when 698/10 - (-18)/15 is divided by 39?
32
Let m(j) = j**2 - 9*j + 14. Let z be m(10). What is the remainder when 2*z + -1 + -3 is divided by 15?
14
Let u(t) = 42*t + 2. Let y be u(1). Suppose -16 - y = -3*j. Calculate the remainder when j is divided by 7.
6
Suppose -4*b + 4*m = 172, -2*m - 107 - 143 = 5*b. Let o = -20 - b. Suppose 3*u + o = 5*u. Calculate the remainder when 27 is divided by u.
13
Suppose 9*j = 7*j + 12. Calculate the remainder when 20 is divided by j.
2
Suppose 4*s = 56 + 196. What is the remainder when 25 is divided by (0 + 1)/(7/s)?
7
Suppose 103 = 3*l - 101. Suppose 96 = 3*q + 4*z - 394, 3*q - 482 = -2*z. Let i = 181 - q. Calculate the remainder when l is divided by i.
22
Let t = 14 + -12. Suppose l - 7*u = -3*u + 9, -t*u - 7 = -l. Calculate the remainder when 19 is divided by l.
4
Suppose 2*t - 56 = -2*d, 4*t - 56 - 96 = 4*d. Suppose -5*j - 3*k + t = -4*j, 4*j - 3*k - 72 = 0. What is the remainder when 62 is divided by j?
20
Suppose -4*r + 20 = 2520. What is the remainder when 61 is divided by r/(-20) + 1/(-4)?
30
Let q(f) = -f**3 - 2*f**2 + 13*f + 5. Let w be q(-4). What is the remainder when 351/6 - (-2)/(-4) is divided by (2 - w) + 2/3*-3?
13
Suppose 0 = 4*m - 86 - 166. What is the remainder when m is divided by 19?
6
Let t = -48 + 106. Suppose -2*u + t = -0*u. What is the remainder when u is divided by 8?
5
Let m(a) = a**2 - 4*a - 2. What is the remainder when m(-4) is divided by (-4)/(((-25)/(-20))/(-5))?
14
Calculate the remainder when 23/2 - (120/16)/(-5) is divided by 8.
5
Let w(m) be the first derivative of -13*m**2 - 7*m - 13. Calculate the remainder when 49 is divided by w(-1).
11
Suppose -j - 4*k - 2 = 2*j, 5 = -j + 3*k. What is the remainder when 34 is divided by ((-50)/(-20))/((-1)/j)?
4
Suppose 0 = 3*j - l - 23 - 57, -82 = -3*j - l. Calculate the remainder when j is divided by 5.
2
Let h(o) = -6*o - 14. Suppose -3*m = m - 16. Suppose -m*z + 21 = -99. Calculate the remainder when z is divided by h(-5).
14
Let w(z) = z**3 + 17*z**2 - 21*z + 9. Suppose 4*g - 44 = 2*g. What is the remainder when w(-18) is divided by g?
19
Suppose -4*u - 21 + 57 = 0. Suppose -r - 120 = -2*r. Suppose -18*s + 13*s = -r. Calculate the remainder when s is divided by u.
6
Suppose -9 = 4*j - 5*j. What is the remainder when j/(-1 - 2) + 7 is divided by 1?
0
Calculate the remainder when (-596)/(-12) + 4 + (-3)/(-9) is divided by 6.
0
What is the remainder when 176 is divided by (-4 + 36/8)*(-560)/(-28)?
6
Let g be (3 + -3 - 6)/((-2)/13). Let r = 65 - g. Calculate the remainder when r is divided by 7.
5
Suppose -20 = -14*i + 13*i. Calculate the remainder when (-2871)/(-36) - (0 - 3/(-4)) is divided by i.
19
Let u be 50/4*2/5. Let g(z) = -z*